{"id":1738,"date":"2021-09-01T11:51:35","date_gmt":"2021-09-01T14:51:35","guid":{"rendered":"http:\/\/www.colegiocristianodequilpue.cl\/web\/?page_id=1738"},"modified":"2026-03-17T16:25:35","modified_gmt":"2026-03-17T19:25:35","slug":"convivencia-escolar","status":"publish","type":"page","link":"https:\/\/www.colegiocristianodequilpue.cl\/web\/convivencia-escolar\/","title":{"rendered":"Convivencia escolar"},"content":{"rendered":"\t\t<div data-elementor-type=\"wp-page\" data-elementor-id=\"1738\" class=\"elementor elementor-1738\" data-elementor-settings=\"[]\">\n\t\t\t<div class=\"elementor-inner\">\n\t\t\t\t<div class=\"elementor-section-wrap\">\n\t\t\t\t\t\t\t<section class=\"elementor-element elementor-element-2bf6122 elementor-section-boxed elementor-section-height-default elementor-section-height-default elementor-section elementor-top-section\" data-id=\"2bf6122\" data-element_type=\"section\">\n\t\t\t\t\t\t<div class=\"elementor-container elementor-column-gap-default\">\n\t\t\t\t<div class=\"elementor-row\">\n\t\t\t\t<div class=\"elementor-element elementor-element-8872748 elementor-column elementor-col-100 elementor-top-column\" data-id=\"8872748\" data-element_type=\"column\">\n\t\t\t<div class=\"elementor-column-wrap  elementor-element-populated\">\n\t\t\t\t\t<div class=\"elementor-widget-wrap\">\n\t\t\t\t<div class=\"elementor-element elementor-element-1ea536f elementor-widget elementor-widget-heading\" data-id=\"1ea536f\" data-element_type=\"widget\" data-widget_type=\"heading.default\">\n\t\t\t\t<div class=\"elementor-widget-container\">\n\t\t\t<h2 class=\"elementor-heading-title elementor-size-default\">Convivencia escolar<\/h2>\t\t<\/div>\n\t\t\t\t<\/div>\n\t\t\t\t<div class=\"elementor-element elementor-element-0c11ddd elementor-widget elementor-widget-image\" data-id=\"0c11ddd\" data-element_type=\"widget\" data-widget_type=\"image.default\">\n\t\t\t\t<div class=\"elementor-widget-container\">\n\t\t\t\t\t<div class=\"elementor-image\">\n\t\t\t\t\t\t\t\t\t\t<img loading=\"lazy\" decoding=\"async\" width=\"830\" height=\"208\" src=\"https:\/\/www.colegiocristianodequilpue.cl\/web\/wp-content\/uploads\/convivencia-830x208.jpg\" class=\"attachment-sydney-large-thumb size-sydney-large-thumb\" alt=\"\" srcset=\"https:\/\/www.colegiocristianodequilpue.cl\/web\/wp-content\/uploads\/convivencia-830x208.jpg 830w, https:\/\/www.colegiocristianodequilpue.cl\/web\/wp-content\/uploads\/convivencia-768x192.jpg 768w, https:\/\/www.colegiocristianodequilpue.cl\/web\/wp-content\/uploads\/convivencia-230x58.jpg 230w, https:\/\/www.colegiocristianodequilpue.cl\/web\/wp-content\/uploads\/convivencia-350x88.jpg 350w, https:\/\/www.colegiocristianodequilpue.cl\/web\/wp-content\/uploads\/convivencia-480x120.jpg 480w, https:\/\/www.colegiocristianodequilpue.cl\/web\/wp-content\/uploads\/convivencia.jpg 1000w\" sizes=\"auto, (max-width: 830px) 100vw, 830px\" \/>\t\t\t\t\t\t\t\t\t\t\t<\/div>\n\t\t\t\t<\/div>\n\t\t\t\t<\/div>\n\t\t\t\t\t\t<\/div>\n\t\t\t<\/div>\n\t\t<\/div>\n\t\t\t\t\t\t<\/div>\n\t\t\t<\/div>\n\t\t<\/section>\n\t\t\t\t<section class=\"elementor-element elementor-element-784c12a elementor-section-boxed elementor-section-height-default elementor-section-height-default elementor-section elementor-top-section\" data-id=\"784c12a\" data-element_type=\"section\">\n\t\t\t\t\t\t<div class=\"elementor-container elementor-column-gap-default\">\n\t\t\t\t<div class=\"elementor-row\">\n\t\t\t\t<div class=\"elementor-element elementor-element-f8556aa elementor-column elementor-col-100 elementor-top-column\" data-id=\"f8556aa\" data-element_type=\"column\">\n\t\t\t<div class=\"elementor-column-wrap  elementor-element-populated\">\n\t\t\t\t\t<div class=\"elementor-widget-wrap\">\n\t\t\t\t<div class=\"elementor-element elementor-element-ea6727b elementor-widget elementor-widget-text-editor\" data-id=\"ea6727b\" data-element_type=\"widget\" data-widget_type=\"text-editor.default\">\n\t\t\t\t<div class=\"elementor-widget-container\">\n\t\t\t\t\t<div class=\"elementor-text-editor elementor-clearfix\"><p><span style=\"color: #000000;\">Bienvenidos (as) al Departamento de Convivencia Escolar del Colegio Cristiano de Quilpu\u00e9. Aqu\u00ed podr\u00e1s encontrar distintas actividades y herramientas con el objetivo de brindar apoyo constante a\u00a0 estudiantes, apoderados (as), y docentes de nuestra comunidad escolar.<\/span><\/p><p><span style=\"color: #000000;\">Te invitamos a ingresar a uno de los siguientes \u00edconos, d\u00e1ndole click:<\/span><\/p><\/div>\n\t\t\t\t<\/div>\n\t\t\t\t<\/div>\n\t\t\t\t\t\t<\/div>\n\t\t\t<\/div>\n\t\t<\/div>\n\t\t\t\t\t\t<\/div>\n\t\t\t<\/div>\n\t\t<\/section>\n\t\t\t\t<section class=\"elementor-element elementor-element-005d3e1 elementor-section-boxed elementor-section-height-default elementor-section-height-default elementor-section elementor-top-section\" data-id=\"005d3e1\" data-element_type=\"section\">\n\t\t\t\t\t\t<div class=\"elementor-container elementor-column-gap-default\">\n\t\t\t\t<div class=\"elementor-row\">\n\t\t\t\t<div class=\"elementor-element elementor-element-09e9f7f elementor-column elementor-col-33 elementor-top-column\" data-id=\"09e9f7f\" data-element_type=\"column\">\n\t\t\t<div class=\"elementor-column-wrap  elementor-element-populated\">\n\t\t\t\t\t<div class=\"elementor-widget-wrap\">\n\t\t\t\t<div class=\"elementor-element elementor-element-bee38d2 elementor-button-info elementor-align-center elementor-widget elementor-widget-button\" data-id=\"bee38d2\" data-element_type=\"widget\" data-widget_type=\"button.default\">\n\t\t\t\t<div class=\"elementor-widget-container\">\n\t\t\t\t\t<div class=\"elementor-button-wrapper\">\n\t\t\t<a href=\"https:\/\/padlet.com\/divinaconvivencia2021\/Bookmarks\" class=\"elementor-button-link elementor-button elementor-size-sm\" role=\"button\">\n\t\t\t\t\t\t<span class=\"elementor-button-content-wrapper\">\n\t\t\t\t\t\t<span class=\"elementor-button-text\">ESTUDIANTES<\/span>\n\t\t<\/span>\n\t\t\t\t\t<\/a>\n\t\t<\/div>\n\t\t\t\t<\/div>\n\t\t\t\t<\/div>\n\t\t\t\t\t\t<\/div>\n\t\t\t<\/div>\n\t\t<\/div>\n\t\t\t\t<div class=\"elementor-element elementor-element-870bdd1 elementor-column elementor-col-33 elementor-top-column\" data-id=\"870bdd1\" data-element_type=\"column\">\n\t\t\t<div class=\"elementor-column-wrap  elementor-element-populated\">\n\t\t\t\t\t<div class=\"elementor-widget-wrap\">\n\t\t\t\t<div class=\"elementor-element elementor-element-c85a527 elementor-button-info elementor-align-center elementor-widget elementor-widget-button\" data-id=\"c85a527\" data-element_type=\"widget\" data-widget_type=\"button.default\">\n\t\t\t\t<div class=\"elementor-widget-container\">\n\t\t\t\t\t<div class=\"elementor-button-wrapper\">\n\t\t\t<a href=\"https:\/\/padlet.com\/divinaconvivencia2021\/x27lb50gtjkfa5bu\" class=\"elementor-button-link elementor-button elementor-size-sm\" role=\"button\">\n\t\t\t\t\t\t<span class=\"elementor-button-content-wrapper\">\n\t\t\t\t\t\t<span class=\"elementor-button-text\">APODERADOS<\/span>\n\t\t<\/span>\n\t\t\t\t\t<\/a>\n\t\t<\/div>\n\t\t\t\t<\/div>\n\t\t\t\t<\/div>\n\t\t\t\t\t\t<\/div>\n\t\t\t<\/div>\n\t\t<\/div>\n\t\t\t\t<div class=\"elementor-element elementor-element-ace6ca4 elementor-column elementor-col-33 elementor-top-column\" data-id=\"ace6ca4\" data-element_type=\"column\">\n\t\t\t<div class=\"elementor-column-wrap  elementor-element-populated\">\n\t\t\t\t\t<div class=\"elementor-widget-wrap\">\n\t\t\t\t<div class=\"elementor-element elementor-element-f5adb24 elementor-button-info elementor-align-center elementor-widget elementor-widget-button\" data-id=\"f5adb24\" data-element_type=\"widget\" data-widget_type=\"button.default\">\n\t\t\t\t<div class=\"elementor-widget-container\">\n\t\t\t\t\t<div class=\"elementor-button-wrapper\">\n\t\t\t<a href=\"https:\/\/padlet.com\/divinaconvivencia2021\/uvz76s9p8hqby7lp\" class=\"elementor-button-link elementor-button elementor-size-sm\" role=\"button\">\n\t\t\t\t\t\t<span class=\"elementor-button-content-wrapper\">\n\t\t\t\t\t\t<span class=\"elementor-button-text\">DOCENTES<\/span>\n\t\t<\/span>\n\t\t\t\t\t<\/a>\n\t\t<\/div>\n\t\t\t\t<\/div>\n\t\t\t\t<\/div>\n\t\t\t\t\t\t<\/div>\n\t\t\t<\/div>\n\t\t<\/div>\n\t\t\t\t\t\t<\/div>\n\t\t\t<\/div>\n\t\t<\/section>\n\t\t\t\t<section class=\"elementor-element elementor-element-217c8cc elementor-section-boxed elementor-section-height-default elementor-section-height-default elementor-section elementor-top-section\" data-id=\"217c8cc\" data-element_type=\"section\">\n\t\t\t\t\t\t<div class=\"elementor-container elementor-column-gap-default\">\n\t\t\t\t<div class=\"elementor-row\">\n\t\t\t\t<div class=\"elementor-element elementor-element-d205eb2 elementor-column elementor-col-100 elementor-top-column\" data-id=\"d205eb2\" data-element_type=\"column\">\n\t\t\t<div class=\"elementor-column-wrap  elementor-element-populated\">\n\t\t\t\t\t<div class=\"elementor-widget-wrap\">\n\t\t\t\t<div class=\"elementor-element elementor-element-2d9389b elementor-arrows-position-inside elementor-pagination-position-outside elementor-widget elementor-widget-image-carousel\" data-id=\"2d9389b\" data-element_type=\"widget\" data-settings=\"{&quot;direction&quot;:&quot;rtl&quot;,&quot;navigation&quot;:&quot;both&quot;,&quot;autoplay&quot;:&quot;yes&quot;,&quot;pause_on_hover&quot;:&quot;yes&quot;,&quot;pause_on_interaction&quot;:&quot;yes&quot;,&quot;autoplay_speed&quot;:5000,&quot;infinite&quot;:&quot;yes&quot;,&quot;speed&quot;:500}\" data-widget_type=\"image-carousel.default\">\n\t\t\t\t<div class=\"elementor-widget-container\">\n\t\t\t\t\t<div class=\"elementor-image-carousel-wrapper swiper-container\" dir=\"rtl\">\n\t\t\t<div class=\"elementor-image-carousel swiper-wrapper\">\n\t\t\t\t<div class=\"swiper-slide\"><figure class=\"swiper-slide-inner\"><img decoding=\"async\" class=\"swiper-slide-image\" src=\"https:\/\/www.colegiocristianodequilpue.cl\/web\/wp-content\/uploads\/4724092a927630f5af1805ec160e99d9.jpg\" alt=\"4724092a927630f5af1805ec160e99d9\" \/><\/figure><\/div><div class=\"swiper-slide\"><figure class=\"swiper-slide-inner\"><img decoding=\"async\" class=\"swiper-slide-image\" src=\"https:\/\/www.colegiocristianodequilpue.cl\/web\/wp-content\/uploads\/convivencia-3-750x375-1.jpg\" alt=\"convivencia-3-750x375\" \/><\/figure><\/div>\t\t\t<\/div>\n\t\t\t\t\t\t\t\t\t\t\t\t<div class=\"swiper-pagination\"><\/div>\n\t\t\t\t\t\t\t\t\t\t\t\t\t<div class=\"elementor-swiper-button elementor-swiper-button-prev\">\n\t\t\t\t\t\t<i class=\"eicon-chevron-left\" aria-hidden=\"true\"><\/i>\n\t\t\t\t\t\t<span class=\"elementor-screen-only\">Previous<\/span>\n\t\t\t\t\t<\/div>\n\t\t\t\t\t<div class=\"elementor-swiper-button elementor-swiper-button-next\">\n\t\t\t\t\t\t<i class=\"eicon-chevron-right\" aria-hidden=\"true\"><\/i>\n\t\t\t\t\t\t<span class=\"elementor-screen-only\">Next<\/span>\n\t\t\t\t\t<\/div>\n\t\t\t\t\t\t\t\t\t<\/div>\n\t\t\t\t<\/div>\n\t\t\t\t<\/div>\n\t\t\t\t\t\t<\/div>\n\t\t\t<\/div>\n\t\t<\/div>\n\t\t\t\t\t\t<\/div>\n\t\t\t<\/div>\n\t\t<\/section>\n\t\t\t\t\t\t<\/div>\n\t\t\t<\/div>\n\t\t<\/div>\n\t\t<div class='avc_visit_counter_front_simple' style=\" width: 100%; max-width: 400px; border: 3px solid rgba(202, 17, 17, 0.95); color:#137098; background-color:#263246; border-radius: 3px; margin: 0px auto; padding: 7px;\">   Numero de Visitas   140102<\/div>","protected":false},"excerpt":{"rendered":"<p>Convivencia escolar Bienvenidos (as) al Departamento de Convivencia Escolar del Colegio Cristiano de Quilpu\u00e9. Aqu\u00ed podr\u00e1s encontrar distintas actividades y herramientas con el objetivo de brindar apoyo constante a\u00a0 estudiantes, apoderados (as), y docentes de nuestra comunidad escolar. Te invitamos a ingresar a uno de los siguientes \u00edconos, d\u00e1ndole click: ESTUDIANTES APODERADOS DOCENTES Previous Next [&hellip;]<\/p>\n","protected":false},"author":1,"featured_media":0,"parent":0,"menu_order":0,"comment_status":"closed","ping_status":"closed","template":"elementor_header_footer","meta":{"footnotes":""},"class_list":["post-1738","page","type-page","status-publish","hentry"],"_links":{"self":[{"href":"https:\/\/www.colegiocristianodequilpue.cl\/web\/wp-json\/wp\/v2\/pages\/1738","targetHints":{"allow":["GET"]}}],"collection":[{"href":"https:\/\/www.colegiocristianodequilpue.cl\/web\/wp-json\/wp\/v2\/pages"}],"about":[{"href":"https:\/\/www.colegiocristianodequilpue.cl\/web\/wp-json\/wp\/v2\/types\/page"}],"author":[{"embeddable":true,"href":"https:\/\/www.colegiocristianodequilpue.cl\/web\/wp-json\/wp\/v2\/users\/1"}],"replies":[{"embeddable":true,"href":"https:\/\/www.colegiocristianodequilpue.cl\/web\/wp-json\/wp\/v2\/comments?post=1738"}],"version-history":[{"count":15,"href":"https:\/\/www.colegiocristianodequilpue.cl\/web\/wp-json\/wp\/v2\/pages\/1738\/revisions"}],"predecessor-version":[{"id":2106,"href":"https:\/\/www.colegiocristianodequilpue.cl\/web\/wp-json\/wp\/v2\/pages\/1738\/revisions\/2106"}],"wp:attachment":[{"href":"https:\/\/www.colegiocristianodequilpue.cl\/web\/wp-json\/wp\/v2\/media?parent=1738"}],"curies":[{"name":"wp","href":"https:\/\/api.w.org\/{rel}","templated":true}]}}